l(-26). Let m = x + 3484. Is m a composite number?
False
Is (-13*9/(-117))/((-2)/(-22426)) a prime number?
True
Suppose -14*q + 15535213 = 15*q. Is q a composite number?
False
Let x(z) = -156*z**2 + z + 3. Let g be x(3). Let u be (12 - 11)/(1/4561). Let c = u + g. Is c composite?
False
Let q = 258660 - 168365. Is q composite?
True
Let f = 229 + -225. Suppose 0 = -4*z - 5*t + 1593, -t + 377 + 1212 = f*z. Is z a composite number?
False
Let j(z) = 9*z**2 + z - 1. Suppose -3*h - 13 - 26 = 0. Let i = 10 + h. Is j(i) a prime number?
False
Let v(g) = -9 + 625*g**2 + 237*g**2 - 1 + 5*g + 0*g. Is v(3) composite?
True
Let h = -5037 + 3478. Let v = h + 10104. Is v prime?
False
Suppose -z + 0*l = 5*l + 354, 0 = 4*z + 5*l + 1491. Let b = -248 - z. Suppose b = d - 32. Is d composite?
False
Let o = -28 - -34. Let k be (-75 + 0)/(o/(-18)). Suppose -k - 37 = -m. Is m prime?
False
Let d be ((-9)/(-27))/(2/126). Let y be (d/(-2))/(17/(-170)). Is 2/(-7) - 5/(y/(-22728)) prime?
False
Is ((672/(-70))/8)/(2 - 1104448/552220) a prime number?
False
Let w(k) = 319*k + 15. Let d(c) = -106*c - 5. Let n(o) = 7*d(o) + 2*w(o). Is n(-2) prime?
False
Suppose -20*a + 4937534 = 8*a + 800842. Is a prime?
True
Is ((-313365)/(-585))/(1/111) a prime number?
False
Is 2390923/1 + 3080/(-220) a prime number?
True
Let u(z) = -z**2 + 54*z - 16. Suppose -7*i + 172 - 39 = 0. Is u(i) composite?
True
Let k = 32 - 19. Suppose -k*a + 14*a = 751. Is 1 + a - (5 - 2)/1 prime?
False
Let k be (-2)/(-2)*(17163 - -7)/1. Is k/(-15)*(-12)/8 prime?
False
Let u(k) = -419*k - 894. Is u(-13) a prime number?
False
Let g(m) = 1716*m**2 + 99*m - 490. Is g(5) a prime number?
False
Let c be 15 - 20 - (1 + -1 + -2394). Let g = c + -176. Is g a prime number?
True
Let b(n) be the second derivative of 541*n**5/20 + n. Let m(s) = -s**3 + 23*s**2 - 21*s - 21. Let l be m(22). Is b(l) a composite number?
False
Suppose -19*n + 20*n + q = 481598, 4*n - 1926385 = 3*q. Is n prime?
False
Let q = 4064 + -1446. Is 2/(-6) - q*(-10)/15 prime?
False
Let c(z) = -24*z**2. Let t be c(1). Let g be 12/16*t/(-9). Is -1*g - (6 + -301) prime?
True
Let t = -16 + 19. Suppose -t*c + 59599 = -6842. Is c a prime number?
True
Is ((-2)/(20/(-85)))/((-8)/((-80576)/4)) a prime number?
False
Let j = -2 + 7. Suppose 5*u - 3*u = -5*w + 23, 145 = 5*u - j*w. Suppose 2*p - 218 - u = 0. Is p prime?
False
Suppose 0 = 5*p - 12*p + 28. Is (88943 - 1)/(8/p) prime?
False
Let s(p) = p**2 + 7*p - 48. Let n be s(5). Let g = n - -775. Is g composite?
False
Let o = -231 - -238. Suppose -o*s + 2*j = -9*s + 14538, 5*s - 36353 = -3*j. Is s a prime number?
False
Let g = 47 + -45. Suppose 0 = 4*l - 2 + g. Is 2783 - (-1 + -3 + l) a composite number?
True
Suppose 10*w - 2514 = 28046. Suppose w = -t + 9807. Suppose -2*d + 3359 = -5*x, 3*d + x = -d + t. Is d composite?
True
Let x be 252 + 2/4*0. Suppose 12227 + 9876 = 23*s. Let h = s - x. Is h prime?
True
Suppose -12 = 2*o, 38*o - 157383 = -3*i + 37*o. Is i a composite number?
True
Suppose 22*y - 1809179 = 673059. Is y prime?
False
Let v(x) = -x**3 + 3*x**2 - 13*x + 6. Suppose 49 = -3*p + 283. Let o be 12/p + (-201)/39 + -2. Is v(o) a prime number?
True
Suppose -1540632 = 47*p - 11711291. Is p prime?
True
Let z(y) = 343*y**2 - 9*y - 140. Let v(m) = 115*m**2 - 3*m - 47. Let f(x) = -11*v(x) + 4*z(x). Is f(-7) a composite number?
True
Let w(n) = 154*n**2 - 53*n - 91. Is w(30) a composite number?
True
Suppose -176*z + 115*z + 457073 = 0. Is z composite?
True
Let j(k) = -831*k - 3629. Is j(-50) prime?
False
Let n = 36 - 31. Let i(u) = -n*u**3 + 10 - 5*u**3 + 17*u**2 + 21*u + 11*u**3. Is i(-15) a prime number?
False
Let d = 11250 - 1878. Suppose d = 5*c - 2*c. Is c/3 + 4/(-12) a composite number?
True
Let d be (-4)/(-20)*30/6. Is (-97482)/(-220) + d/(-10) a composite number?
False
Let s be 29 + 12/20 + 24/10. Let f(z) = -7*z - 15 - s - 2*z - 13*z. Is f(-20) composite?
True
Suppose -447406 = -50*a + 7628644. Is a composite?
False
Let v(q) = -30624*q - 71. Is v(-1) composite?
False
Let h(y) be the third derivative of y**6/24 + y**5/20 + 5*y**4/12 + y**3/2 - 9*y**2. Let o be h(7). Suppose 15*r - o = 6*r. Is r composite?
True
Let j(n) = -n**3 + 11*n**2 - 2*n - 10. Let r be j(10). Let a = r + -66. Is 3 + 2340/a + -1 prime?
True
Suppose 5*r - 5*t - 572810 = 0, 43*r - 48*r + 2*t + 572795 = 0. Is r a composite number?
True
Suppose -3 = -3*h + 30. Let z(m) = 410 - h*m**3 + 5 + 10*m**3 - m - m**2. Is z(0) a prime number?
False
Suppose -4*p - 4*o = -28, 0 = -3*p + 4*o + 2 - 9. Let v(j) = 1219*j**2 + 5*j - 13. Is v(p) composite?
False
Let j be 2 - (56/32)/((-2)/5752). Let d = j + -2832. Is d a prime number?
True
Let v(r) = 33135*r - 8338. Is v(15) prime?
True
Suppose 3*n + 429 = -a + 1440, -a = -4*n + 1348. Let j = n - 210. Is j composite?
False
Suppose -2*r + 325 = c, 69*r + 2*c + 670 = 73*r. Suppose 157*x - r*x + 25096 = 0. Is x prime?
True
Let o = 195 + -181. Let b(r) = 56*r - 13. Is b(o) a prime number?
False
Suppose 0 = -s - 2 + 7. Suppose 3*l = s*l - 4*x - 132, -l - 4*x = -84. Let v = l + -59. Is v a prime number?
True
Is (-7106895)/(-30)*(-2)/(-3) a prime number?
True
Is (-3)/2 - (-3812560)/32 composite?
True
Let w = 126712 - -32074. Is w prime?
False
Let q = 377 + 25. Suppose 14*t + q = 20*t. Is t composite?
False
Suppose 5*r + 5*p - 35 = 0, 3*p = -9 - 0. Suppose -r*t = -126478 + 34148. Is t a composite number?
True
Suppose -2 = -3*d + 4. Let l(q) = 15*q - 3. Let b be l(d). Is 1396/36 - (30/b)/(-5) composite?
True
Let y = 389253 + -134782. Is y composite?
True
Let n be (12/(-8))/(4/(-8)). Let h(y) = 2761*y + 46. Is h(n) a composite number?
False
Let o(g) = -4*g**3 - 16*g**2 + 16*g - 17. Suppose 0 = -5*n + 8*n + 36. Let k be o(n). Suppose 1093 = i + 2*s, 4*i - s - k = -0*s. Is i a prime number?
False
Let q = -78 - -79. Is (-2 + -2 - -233)/(q/7) a composite number?
True
Let w = -18 + 36. Suppose -2*p = -5*s - 5, -3*s = 4*p - 5*s - w. Suppose p*k - 35 - 1880 = -5*t, 3*k - 5*t = 1173. Is k prime?
False
Suppose -5*c - s = 2*s + 197, -119 = 3*c + s. Let d be -2*1*(c - -2). Suppose d*w - 79*w = -246. Is w a composite number?
True
Let s be 16/28 - 94/(-7). Suppose s - 415 = -r. Let j = -218 + r. Is j composite?
True
Let o be ((-41956)/14)/(-1) - 12/(-84). Let w = -1358 + o. Is w composite?
True
Suppose x = -26*j + 24*j + 50855, -10 = -5*j. Is x prime?
False
Suppose 0 = -d + 4 + 2. Suppose 2*h + 3*f + 11 + 3 = 0, 2*h + f = -2. Suppose h*y - d = 2. Is y a composite number?
True
Let a = -707270 - -1215333. Is a a prime number?
False
Suppose 10*k - 8*k - 90804 = -4*q, -10 = 5*k. Let m = q + 11611. Is m a composite number?
False
Let s = -11253 - -4814. Let q = s - -9302. Is q composite?
True
Let z(i) = 3*i**2 - 8*i + 4. Let o be z(6). Let p(v) = 4*v**2 + 42*v - 5. Let d be p(-8). Let r = o - d. Is r composite?
False
Let w = -9495 + 14865. Suppose w = 11*r - 6301. Is r prime?
True
Is (6/8)/(22/(3652440/45)) prime?
True
Let l(t) = 590*t**3 - 4*t**2 + 7*t - 15. Let v be 6/(-21) + 12/(-21)*-4. Is l(v) prime?
True
Let l(h) = h**3 - 3*h - 2. Let t be l(-1). Suppose t = -10*g - 1410 - 310. Let b = g + 2774. Is b a composite number?
True
Suppose -14*m + 1259210 + 896328 = 0. Is m composite?
True
Let y(w) = 145*w - 33. Let m(i) = 436*i - 97. Let d(s) = 3*m(s) - 8*y(s). Is d(7) a prime number?
True
Suppose -4*z + 5*z = 3. Is (-1944)/15*(-70)/z + -5 composite?
False
Let r = 13222 - -24829. Is r composite?
True
Let v = -124 - -128. Let o(k) = 3*k**3 + 3*k**2 + 7*k - 11. Is o(v) composite?
False
Let o = 17 + -11. Let n(l) = -15*l**2 + 23*l + 8. Let a(v) = -15*v**2 + 24*v + 7. Let b(t) = -3*a(t) + 2*n(t). Is b(o) prime?
True
Let c(d) = -d**3 + 66*d**2 + 269*d - 171. Is c(-62) a composite number?
True
Let m = 60 + -35. Suppose -5*p = -10*p + m. Is (4739/(-35))/((-1)/p) composite?
False
Let r = 61 - -673. Suppose 7*n + r = 9*n. Let c = n + -210. Is c a composite number?
False
Let s = -96627 - -170488. Is s a prime number?
False
Suppose 3*w - 5 = -2*w, 5*y = 5*w + 5. Let s(o) = 385*o**2 + 46*o + 1. Is s(y) prime?
False
Suppose s + 19 = -4*a + 10, -3*s + 3*a - 27 = 0. Is (36/s)/(3/((-42429)/4)) composite?
False
Let m be (2229/(-4))/(21/(-168)). Let p = 8 + -8. Suppose -11*t + 41715 - m = p. Is t a prime number?
False
Let x be ((-3)/2)/(33/(-44)). Let u be